 + 125 = 0, -18*g + 10 = -16*g. Is 1/(1/(-5))*(-16180)/z prime?
False
Suppose h - 3*g = -22 - 30, -h - 52 = g. Is 2/(-13) + 3 + (-244720)/h a prime number?
False
Let c(j) = -113*j**3 - 4*j**2 - 10*j + 2. Let n be c(-4). Suppose -3*r + n + 164 = 0. Is r composite?
True
Suppose 34992 = 5*i - 10583. Let n = -5148 + i. Is n prime?
True
Let y = 1635 + -194. Is y composite?
True
Suppose 3*b + 230*r = 231*r + 900, -2*r = 2*b - 592. Let g(y) = y + 6. Let t be g(0). Suppose -t*d = b - 2429. Is d a composite number?
True
Let p be (-224 + -4)*((-71)/3 - 4). Suppose w - 3*d - 1252 = 0, -d = 10*w - 5*w - p. Is w prime?
False
Let s = -185334 + 427045. Is s composite?
False
Suppose -275*w + 258*w = 363307. Let u = -9402 - w. Is u prime?
True
Suppose -4*x + 75 = -x + 3*a, 3*x - 2*a - 50 = 0. Suppose -4*g = -x*g + 64. Suppose 3415 = 5*z + 3*j + 2*j, g*j = 5*z - 3379. Is z composite?
True
Suppose 165*h = 158*h. Suppose 3*j - 3776 = -x, 4*j - 2*j - 3*x - 2499 = h. Is j a prime number?
False
Suppose 16*j = -17*j + 28*j + 513505. Is j prime?
True
Suppose -4*m - 133 + 85 = 0. Let x be ((-6)/5)/(m/30). Suppose 0*p + 4*p - 241 = -l, -x*p = -15. Is l prime?
False
Suppose 271*v - 2142 = 277*v. Is ((v/(-68))/(-21))/((-1)/40244) prime?
True
Suppose 0 = a - 5*a - 28. Let i be (12/a)/(30035/4291 + -7). Let r = i + -1867. Is r prime?
True
Let r be 54/(-8)*(-13 + 7 + -4182). Suppose 0 = -2*j + 2*m + 14132, 5*j + r = 9*j + m. Is j composite?
True
Let n be -1 - -5 - (30/6 - 4). Is n/7 - (-36390)/105 prime?
True
Let r(x) = -4*x - 36. Let v be r(-10). Let m(w) = w**2 - 4*w + 3. Let y be m(v). Suppose -f + 4*s + 119 = 0, 0 = y*s - 6 - 3. Is f prime?
True
Suppose -3*o - 9818 = -4*i, -i - 288 = -2*o - 2745. Suppose -19*v + i = -8*v. Is v prime?
True
Let g(r) = 14*r**3 - 12*r**2 - 237*r + 65. Is g(24) a prime number?
True
Suppose 5*d + 211798 = 2*x, 74912 = x - d - 30987. Is x a composite number?
False
Let f = -10489 + -243. Let a = -659 - f. Is a a prime number?
False
Let t = 5698 + -1907. Suppose -5*n + 3764 + t = 0. Is n a composite number?
False
Suppose -4*j + 5*l + 3928693 = 0, 37*j = 39*j + 3*l - 1964297. Is j a composite number?
True
Suppose -151*x + 187*x = 9336204. Is x a prime number?
True
Let c(s) = 57*s - 225. Let q be c(4). Suppose -12*k + 14*k - q*u = 1502, -4*k = 4*u - 2964. Is k a prime number?
False
Let l(b) = b**3 - 13*b**2 + 18*b - 35. Let s(u) = -u**3 + 13*u**2 - 19*u + 35. Let f(y) = -6*l(y) - 5*s(y). Is f(12) prime?
True
Suppose -5*t = 2*c - 11201, 4*c + t - 22560 = -167. Suppose -4*z = 5*g - 7419, -3*g + c = 3*z - 6*g. Is z composite?
False
Suppose 2*q + 33*l = 35*l + 135982, -4*q = -3*l - 271970. Is q prime?
False
Suppose -5*b + 4 + 6 = 0. Suppose h - b = w - 3*w, 5*h - 4 = -4*w. Let t(m) = 84*m**3 + 2*m - 1. Is t(w) a prime number?
False
Let f = 1391619 + -161150. Is f a composite number?
False
Let t(s) = 2*s**2 + 10*s - 3. Let k(m) = -5*m**2 - 30*m + 8. Let z(y) = -3*k(y) - 8*t(y). Let i be z(10). Suppose i*w - 13*w + 6981 = 0. Is w a prime number?
False
Let b be 756 + (5 - (-9 - -21)). Let n = -282 + b. Is n a prime number?
True
Let k(s) = 80*s + 3. Let b be k(-2). Let x be 407 - (-12 - -4) - -1. Let y = x + b. Is y composite?
True
Let i = -6 + 15. Suppose i*r - 7*r - 8 = 0. Suppose 0 = r*q - 38 - 978. Is q composite?
True
Is (-141)/(-8)*(-1860)/(-279)*10628/10 prime?
False
Suppose 0*o + 3*o - 5*m - 82442 = 0, -2*o + 2*m + 54960 = 0. Is o composite?
False
Let b(o) = -6*o**3 - 9*o**2 + 5*o - 8. Let c be b(-6). Suppose -v + 306 = 4*p, -c = 2*v - 5*v - 4*p. Suppose 4*q - 9222 + v = 0. Is q a prime number?
False
Let u be 2*1 + (2086 - -3). Suppose 28*c - 26*c = 2744. Let g = u - c. Is g prime?
True
Suppose 103190 = 1117*g - 1107*g. Is g a prime number?
False
Let i = -37 + 39. Is (2656 - -6 - 3) + i prime?
False
Suppose 2*c - 15 + 25 = 0. Let n be (0 - 0)*c/15. Suppose 0*q + 5*q - 575 = n. Is q a composite number?
True
Let s = 536 - 3160. Let j = s - -3915. Is j a prime number?
True
Let k(v) = v**3 + 8*v**2 + 5. Let x be k(-8). Let s be 0/x*(-2)/(-4) - -246. Suppose f = s + 905. Is f a composite number?
False
Let x(n) = n**3 + 10*n**2 - 13*n - 21. Suppose 13*p - 33*p = 160. Is x(p) prime?
True
Suppose 0 = -4*i + 3*i + 5. Suppose -i*l = -4*b - 17, b + 1 = -5*l - b. Is l + -2 + 1*390 a composite number?
False
Let z(f) = -f**3 + f**2 - 1. Let w be z(0). Is 1*(-6 - -8361) + w composite?
True
Suppose 81*j - 85*j = 4*u - 141888, j + 2*u - 35467 = 0. Is j a prime number?
False
Suppose -21*j + 31 = -11. Suppose -3*l - 17959 = -a - 117863, -2*a - j = 0. Is l prime?
True
Let v = -348853 + 718504. Is v prime?
False
Suppose -13*p - 520903 + 2382454 + 372200 = 0. Is p a composite number?
False
Let v(c) = 13*c + 15 + 39 + 9*c. Let b be v(-8). Let s = 603 + b. Is s a prime number?
False
Let o = 390 + -654. Is (o/(-72))/(-2*1/(-474)) a composite number?
True
Suppose 3*x - 21*c + 23*c - 529657 = 0, x - c = 176544. Is x prime?
True
Is (269120 - -16) + -5 + -5 - 7 prime?
False
Let w = 18 + -69. Is (2*659/(-2))/(3/w) prime?
False
Let r = -508 + 739. Let g be (-2)/8 - r/(-28). Suppose -g*y + 2303 = -1017. Is y a prime number?
False
Let d = 137 - 135. Suppose 0 = 4*f - 16, d*u = f - 5*f + 634. Is u composite?
True
Suppose 26*n - 27*n + 1040 = 0. Let b = n - 249. Is b a composite number?
True
Is (-23453490)/(-15) + 9/((-45)/(-25)) prime?
True
Suppose 34*h - 10337401 = 1232017. Is h prime?
False
Let j(u) = -112*u**2 + 10*u - 26. Let i(t) = -113*t**2 + 10*t - 25. Let d(a) = 5*i(a) - 6*j(a). Is d(12) prime?
True
Suppose 3*r = -i + 1179, -3*r + r - 2*i + 782 = 0. Suppose 118 = 4*a + r. Is 61*a/(-6)*2 a prime number?
False
Let c be 1 - -1 - (2052 + -45). Let n = -382 - c. Is n a prime number?
False
Let z = 986467 - 624524. Is z composite?
False
Let y(r) be the first derivative of r**4/4 + 2*r**3/3 - 7*r**2 + 1543*r - 126. Is y(0) a prime number?
True
Suppose o + 3*o = 2484. Let x = -218 + o. Suppose 7*k = 486 + x. Is k a prime number?
True
Let n = 575083 - 80496. Is n prime?
True
Let c = 1251 - -13839. Is 2 - (-14)/(-6) - c/(-45) composite?
True
Let t(c) = c - 6. Let d be t(25). Suppose d - 4 = -5*g, -3*f - 2*g = 3. Is (-6)/12 - f*(-2195)/2 a prime number?
True
Let w(d) = 2*d**3 + 19*d**2 + 9*d + 3. Let u be w(-9). Suppose 3*l - 7*l + 100070 = 5*s, -l = -u*s - 25009. Is l composite?
True
Let w(o) = o**3 + 9*o**2 + o + 9. Let r be w(-9). Suppose 3*m - 4*y - 6439 = r, -y + 14238 = 5*m + 3491. Is m prime?
False
Let n(q) be the third derivative of 153*q**6/10 - q**5/20 + 3*q**4/8 - 11*q**3/6 + 129*q**2. Is n(2) prime?
True
Suppose -55*x - 15 = -60*x, j = -x + 202664. Is j composite?
False
Suppose 54*i = 881718 + 213294. Let q = i + -10559. Is q a prime number?
True
Suppose 0 = -o - 5*n - 40 - 52, 5*o = n - 330. Let q(s) = 17*s**2 - 13*s + 2. Let b be q(4). Let l = b + o. Is l a composite number?
True
Let d be 2/(-10) + 13/((-65)/18134). Let x = d + 15200. Is x prime?
False
Let l(u) = 6*u - 16. Let y be l(4). Suppose 4*p = -y - 12. Is (-4 - p)*(177 + 2) prime?
True
Is ((-229426)/10)/(228/570*(-1)/2) a composite number?
False
Suppose -3*w - 5*q + 73784 = -117796, -2*q + 63859 = w. Suppose -4*x - t = -w, -5*x + 3*t = -t - 79847. Is x prime?
False
Suppose -5*a = -10*a + 100. Let i = a + -17. Suppose -5083 = -i*c + 2*w, w - 5089 = -3*c + 6*w. Is c a prime number?
True
Let g(h) = 7*h + 24*h + 19 - 9*h. Let u be -4*55/44*-1. Is g(u) composite?
True
Suppose -35*w + 38*w - c - 71531 = 0, -w + 4*c + 23851 = 0. Is w a prime number?
False
Let w be ((-3)/6)/(8/(-32)). Is w/22 - 3800000/(-418) composite?
False
Let k(s) = -9*s**3 - 3*s**2 + s + 12. Let z(r) = -16*r**3 - 5*r**2 + 2*r + 24. Let h(v) = 7*k(v) - 4*z(v). Is h(5) a composite number?
False
Let u(p) = 18789*p**2 + 28*p - 30. Is u(1) a composite number?
False
Let g(a) = -8*a**3 + 5*a**2 + 2. Let j(b) = -b**2 - 7*b - 2*b**2 + 9*b - b**3 - 5*b**3. Let r be j(1). Is g(r) a prime number?
False
Let d = 1120 + -709. Let c = -817 - -567. Let b = d + c. Is b prime?
False
Let n(b) be the third derivative of b**7/720 + b**6/144 - b**5/60 - 8*b**2. Let d(j) be the third derivative of n(j). Is d(12) a prime number?
True
Let p = -13 - -18. Suppose -26 = -7*i - p. Suppose -5*h + i*h + 1108 = 0. Is h prime?
False
Let w be ((-12)/8)/(3/(-4)). Let u be (5/7)/(2